. Determine o(z).
-17
Let k(u) = 52*u**3 + 113*u**2 + 162*u - 120. Let i(q) = 11*q**3 + 23*q**2 + 33*q - 24. Let l(a) = 19*i(a) - 4*k(a). What is l(16)?
-56
Let w(f) = 98 - 2*f + 4*f - 28 - 4*f - 36. What is w(21)?
-8
Let w(t) = t - 9. Let y(o) be the first derivative of o**2/2 + 190. Let c(x) = w(x) - 6*y(x). Determine c(-4).
11
Suppose -2*p + 3*n = -103 - 22, 285 = 5*p - 2*n. Let k be 1 + 3 + 5/((-25)/p). Let m(d) = 4*d. Calculate m(k).
-28
Let b(t) = 7*t**2 + 10*t + 7. Let x(l) = -20*l**2 - 29*l - 20. Let v be (-11 - -1) + 120/30. Let c(o) = v*x(o) - 17*b(o). What is c(-5)?
6
Let c(p) = p**2 - 3*p - 3. Suppose 25*g = 5*z + 22*g - 18, -4*z - 2*g = -32. Calculate c(z).
15
Suppose -12*k + 26 = -13*k - 5*r, 17 = -2*k - 3*r. Let f(h) = 13*h**3 - 3*h**2 - h + 2. Determine f(k).
-13
Let t = -66 + 76. Suppose c - 5 = -t. Let w(h) = h + 6*h**3 + 4 + 8*h**3 + 2*h**3 + 6*h**3 - 5*h**2 - 23*h**3. Calculate w(c).
-1
Suppose -3*l + 20 = 5. Suppose -3*s + 63 = -l*j - 23, 2*j + 156 = 5*s. Let p be (-3)/2*s/12. Let z(t) = t + 4. Calculate z(p).
0
Let v(n) be the first derivative of -n**4/4 - 16*n**3 + 51*n**2/2 + 86*n + 7282. Calculate v(-49).
-12
Let f(g) be the second derivative of 11/6*g**3 - 204*g + 1/20*g**5 + 0 + 2*g**2 + 13/12*g**4. Calculate f(-12).
16
Let q(y) be the second derivative of y**6/360 + y**5/24 - 45*y**3 + 70*y. Let n(z) be the second derivative of q(z). Suppose -30 = 2*o + 3*o. Calculate n(o).
6
Let a = 1575 - 1586. Let i(y) = -3*y - 29. Determine i(a).
4
Let p(n) = -n**3 - 14*n**2 + 58*n + 50. Let q be p(-17). Let f = -32 + -35. Let o = f - q. Let s(b) = -2*b**3 + 4*b**2 - 2*b - 1. Calculate s(o).
-5
Suppose -2*d + 0*y = 4*y + 14, -4*y = 3*d + 31. Let u = -15 - d. Let k(h) = 9*h + 6 + 10*h - u - 3. Give k(1).
20
Let p(t) = -616*t**2 - 622*t**2 + 1860*t**2 + 57 - 621*t**2 - 32*t. Determine p(30).
-3
Suppose g = -5 + 9. Let o(r) = r + 2. Let l(a) = 1. Let k(i) = g*o(i) - 11*l(i). Let n = -46 + 48. Calculate k(n).
5
Let v(k) = -4*k**3 + 2*k**3 + 3*k**2 + 3*k**3 + 2 + k. Suppose -15*a + 14 = -2*d - 11*a, -5 = d - a. What is v(d)?
-1
Let s(y) = -2*y**2 + 8*y - 22. Suppose -5*c - 3*l + 33 = 4, -2*c = -5*l + 7. Calculate s(c).
-22
Let q(s) = 17049*s**2 + 11 - 8526*s**2 - 25*s - 8522*s**2. What is q(24)?
-13
Suppose -5*a + 16 = 3*n - 17, 0 = -a - 3. Let b be n/10*(-25)/(-5). Let t(h) = h**2 - 7*h + 8. Determine t(b).
16
Suppose -x - 15 = -2*n - 2*n, -3*x = 4*n - 3. Suppose -5 = 2*c + n. Let d(f) = -1 + 44*f**2 + 3 - 5 + 2 - f**3 - 48*f**2. Determine d(c).
-1
Let a(x) = 5*x**2 - 383*x - 1145. Let f be a(-3). Let t(s) = s**2 - 49*s - 9. Calculate t(f).
-9
Let c(a) be the third derivative of -a**5/30 - 5*a**4/12 + 8*a**3/3 - 2332*a**2. Determine c(-6).
4
Let m(h) = 2*h**3 - 43*h**2 + 32*h - 219. Let n be m(21). Let j(r) = -r - 29. Give j(n).
-41
Suppose 0 = 2*s + 4*x + 75 - 27, 5*x - 75 = 5*s. Let d(a) = -a**2 - 18*a - 5. Determine d(s).
-5
Let w = 5 - 3. Let a(r) = -20*r**w + 6*r**3 + 5*r - 4*r + 45*r**2 - 24*r**2. What is a(-1)?
-6
Let q(j) be the third derivative of j**6/360 - j**5/120 - 5*j**4/12 + 32*j**3 - 121*j**2. Let d(k) be the first derivative of q(k). Give d(0).
-10
Let r(d) = -d - 1. Let g(u) = 7 - 10*u + u**2 - 11*u + 29*u. Let k(x) = g(x) + 2*r(x). What is k(-6)?
5
Suppose -3*z + 4 = -z. Let k(a) be the first derivative of a**4/2 - a**3 + a**2/2 - 100147. Determine k(z).
6
Let j(r) = -r - 1. Let t be 27/(-36) - 7/(-4). Let q(p) = -5*p - 8. Let d(h) = t*q(h) - 4*j(h). Calculate d(2).
-6
Suppose -2 + 0 = 2*o + 4*g, 4*o = 2*g + 16. Let s(h) = 0*h**2 - 2*h**2 - 7607*h - 1 + 15214*h - 7606*h. Calculate s(o).
-16
Let n(f) = -4*f**2 - 9*f. Let y = 5542 + -5545. What is n(y)?
-9
Let a be (-1054)/(-238) + (-6)/14. Let b(l) = -l**2 - 23*l + 6*l + 6*l + 9*l + 5*l + a. Let r(q) = -q**2 + 8*q - 7. Let w be r(6). What is b(w)?
-6
Let n(f) = -5*f + 15. Let y(d) = 2*d**3 + d**2 + 10*d + 6. Suppose 5*k - 6*k = -15*k. Let g be y(k). Give n(g).
-15
Let u = -238 + 246. Let s = u - 3. Let z(a) = -a**3 + 4*a**2 - 1 + 4 + a - a**2 + 2*a**2. What is z(s)?
8
Let t(c) = -8*c**2 - 27*c + 19. Let l(p) = -5*p**2 - 18*p + 9. Let g(k) = 5*l(k) - 3*t(k). Calculate g(-6).
6
Let n(t) = 17*t - 26. Let x(b) = -10*b + 17. Let v(y) = -4*n(y) - 7*x(y). Give v(6).
-3
Suppose 0 = r, 5*l + 103*r + 65 = 100*r. Let o(u) = 2*u + 15. Give o(l).
-11
Let y(r) = 11 - 15 - 7823*r + 7804*r + 3*r**2. Calculate y(6).
-10
Let d(i) = 8*i**2 + 40*i + 2. Let n be d(-5). Let a be (5 - 9)*(-3)/n. Let b(l) = l**3 - 7*l**2 + 4*l + 5. Calculate b(a).
-7
Let d(r) = 21*r - 34. Let s(h) = -48*h + 65. Let x(o) = -7*d(o) - 3*s(o). What is x(12)?
7
Let f(j) be the third derivative of j**5/60 - 2*j**3 - j**2 - 87078. Suppose -y + 0 = -5. Determine f(y).
13
Let u = 2068 + -2073. Let g(s) be the second derivative of s**6/360 + s**5/30 - s**4/4 + s**3/3 + s. Let o(q) be the second derivative of g(q). Determine o(u).
-1
Let k(w) = -w + 26. Let t be k(20). Let q(l) = -t*l**2 - 33*l + 30*l - l**3 - 1 + 1 + 2. Determine q(-5).
-8
Suppose 3*f + 2*f = -25. Let y(x) be the first derivative of -x**3/3 - 5*x**2/2 + 1901. What is y(f)?
0
Suppose 2*i + 28 = v, 4*v = 14 + 10. Let h(j) = 3*j**2 + 29*j + 18. Let n(x) = x**2 + 10*x + 6. Let z(w) = 2*h(w) - 7*n(w). Calculate z(i).
5
Let o = -7500 - -7495. Let l(y) = -2*y - 1. Let a(t) = 3*t + 2. Let i(d) = -4*a(d) - 7*l(d). Determine i(o).
-11
Let f = -41 - -96. Let z be 22/f + (-23)/(-5). Suppose -w + 18 = 4*m + 6, 0 = z*m + 4*w - 26. Let a(q) = -q**2 - q + 1. What is a(m)?
-5
Let p(g) be the second derivative of -g**5/20 - 17*g**4/12 + 5*g**3/3 - 135*g**2/2 - 10484*g. Determine p(-18).
9
Let t(z) = -z**2 - 11*z + 6. Let c(s) = -30*s - 154. Let f be c(-5). Let l be 2808/(-364) + f/14. Give t(l).
30
Let l(m) be the third derivative of 1/12*m**5 + 0 + 124*m**2 + 0*m + 1/6*m**3 + 1/6*m**4. Calculate l(-3).
34
Let w(a) = -578*a + 574*a - 949 + 1054. Give w(32).
-23
Let s(i) = i**2 - 2*i + 3. Let n be s(2). Suppose n*d - 14 = -5, 5*w - 16 = -2*d. Let u(l) = -7 + 2*l**3 + 4*l**3 - 4*l**w - 7*l**3 - 5*l + 12*l**2. Give u(7).
7
Suppose -2*g - 1 = -7. Let n(p) = 3*p**3 - 5*p**2 - 2*p + 5. Let l be n(4). Let u(z) = -2*z - 3 - z - 108*z**2 + l*z**2. Calculate u(g).
-3
Suppose -2*k - 2*h = -14, -4*k + 3*h = -26 + 33. Let s(c) = -2*c - 1. Let l(y) = 10*y + 8. Let a(q) = -l(q) - 10*s(q). Determine a(k).
22
Let f(s) = -6*s**2 + 8. Let l(o) = -o**3 - 2*o**2 + 3*o + 5. Let z be l(-1). Let g(d) = -3*d**2 + d. Let u(b) = z*f(b) - g(b). Calculate u(2).
-6
Let b(o) be the second derivative of o**4/6 - 8*o**3/3 + 5*o**2/2 - 1043*o. Calculate b(11).
71
Suppose -38*s - 62 = -24. Let b(a) = -a**2 + 5*a + 2. Let c(w) = 3. Let j(i) = s*b(i) - c(i). Calculate j(6).
1
Let s(d) be the first derivative of 2*d**3/3 - d**2 - d + 1860. Determine s(2).
3
Let z(j) = -j + 7. Suppose y = 9*y - 2280 + 2232. Give z(y).
1
Let r be (-2)/(-8) - 0 - 247/76. Let c be 1 + r + 19 + -14. Let l(y) = y - 2. Determine l(c).
1
Let d(a) = 2*a**3 - 3*a**2 - 2*a + 2. Let x be 1624/(-30) - 3/((-135)/6). Suppose 6*t - 5*q = t + 270, 3*q = -2*t + 98. Let l = x + t. Give d(l).
-22
Let g(v) be the first derivative of -v**3/3 + 3*v**2/2 + 4*v - 1423. Calculate g(6).
-14
Let t = -15 + 17. Let u(b) = b - 2*b**2 + b**2 + 2*b - 2*b**2. Determine u(t).
-6
Let j(r) = 2*r**3 - 43*r**2 - 41*r + 1294. Let v be j(21). Let o(s) = -10*s + 5. Give o(v).
85
Let z(i) = -2*i + 18. Let w(y) = -2*y**3 - 38*y**2 - 37*y - 9. Let o be w(-18). Give z(o).
0
Let v be 15/(-10)*(-160)/24. Let m(i) = -9 + 10*i + 1 + v. What is m(3)?
32
Let g(a) = 4*a + 1. Let f(h) = 17*h + 104. Let m be f(-6). Suppose 21*k + m = 22*k. Determine g(k).
9
Suppose -3*l = -4*g - 165, -3*l + 6*l = 2*g + 159. Let y = l - 49. Let x be 7 - (0 - (3 - y)). Let c(s) = -s**2 + 9*s. Calculate c(x).
8
Let i(q) = -q**3 - 11*q**2 - 27*q - 172. Let w be i(-10). Let x(b) = 16*b**2 - 2*b - 2. Give x(w).
66
Let i(l) = -l**3 + 4*l**2 - 5*l + 4. Let y(j) be the third derivative of -j**4/24 + j**3/3 + 3*j**2. Let t be y(1). Let u be 1/1 + t - -1. What is i(u)?
-2
Let d = -13709 + 13712. Let u(p) = -p**3 + 4*p**2 - 3*p + 5. What is u(d)?
5
Let c(l) = l**2 - 7*l + 5. Suppose 0 = r + 3*g - 261 + 266, -2*r + 2*g = -22. Give c(r).
5
Let n(f) be the first derivative of -f**2 + 8*f + 217. Let r